i + g = 0. Let y(a) = -a**3 + 5*a**2 - 3*a. List the prime factors of y(m).
3
Let c(t) = 9*t**2 + 2. What are the prime factors of c(-6)?
2, 163
Let y = 5 - -72. Suppose 73*d = y*d - 276. List the prime factors of d.
3, 23
What are the prime factors of (-1132)/(-1) + 5 - (3 - -2)?
2, 283
Let g(s) = -10*s**3 - 3*s**2 - 2*s - 2. List the prime factors of g(-3).
13, 19
Let c(h) be the second derivative of h**6/360 - h**5/60 - h**4/6 - h**3/6 - 2*h. Let z(f) be the second derivative of c(f). List the prime factors of z(4).
2
Suppose -1 = -k + 8. Suppose t - y + 1 = k, -2*y = 4*t - 2. Suppose 0*d = -3*l - 3*d + 45, -3 = t*d. List the prime factors of l.
2
Suppose 0 = 5*p - 2*z - 1942, -2*z = p - 154 - 244. Suppose 0 = 4*q + n - 1334, -52 = q - 2*n - p. What are the prime factors of q?
2, 167
Let d = 51 + -51. Let o = 47 - -3. Suppose d = -0*z - z + o. List the prime factors of z.
2, 5
Let o(a) = -a**2 + a + 2. Let j be o(2). Suppose j = -2*n - 3 + 13. Suppose -5*x = 10, 3*x - 34 = n*y - 10*y. What are the prime factors of y?
2
Suppose 2941 = 13*m - 6640. What are the prime factors of m?
11, 67
List the prime factors of (-5906)/(-2) + (11 - (27 + -13)).
2, 5, 59
Let n = 1923 + -1198. What are the prime factors of n?
5, 29
List the prime factors of 28/(-3 - (-75)/24).
2, 7
Let b(k) = -36*k - 162. List the prime factors of b(-16).
2, 3, 23
Suppose 16*z = 39*z - 26358. List the prime factors of z.
2, 3, 191
Let h(a) = -a**3 - 6*a**2 + 2. Let n be h(-4). What are the prime factors of ((-16)/(-12))/((-2)/n)?
2, 5
Suppose -4*p = -521 + 177. List the prime factors of p.
2, 43
Let w be 12/(-18) - 16/(-6). Let o be ((-2)/4)/(w/(-16)). Suppose 0*b + o*b - 132 = 0. What are the prime factors of b?
3, 11
Suppose -5*k + 4 = -2*p, 2*k - 2*p = -3 + 1. Suppose k*g + 4 = -2*g, 4*g = -2*q + 62. Let t = q - 7. What are the prime factors of t?
2, 13
Let d(x) = x**2 + 23*x - 22. List the prime factors of d(-25).
2, 7
Suppose 19*d + 382 = 1256. Suppose i - 5*w + 16 = 0, -4*i + 4*w = -2 + 66. Let u = i + d. List the prime factors of u.
2, 3, 5
Let a(b) = -b. Let v be a(-6). Let w be (-84)/(-22) + v/33. Suppose 185 = w*l - 87. List the prime factors of l.
2, 17
What are the prime factors of (7376/30)/1 + 12/90?
2, 3, 41
Suppose 0 = 6*u - 2635 - 6161. What are the prime factors of u?
2, 733
Let v be (-33)/2 - (-4)/8. Let z = v - -57. Let d = z - 29. List the prime factors of d.
2, 3
Let b(w) = 2*w**2 - 11*w - 20. What are the prime factors of b(-5)?
5, 17
Let k be ((-36)/48)/((-1)/(-4)). Let r(g) = g**2 + g - 3. Let v be r(k). List the prime factors of (-1)/(v/(-72)) + 2.
2, 13
Let i(c) = -1056*c - 38. List the prime factors of i(-2).
2, 17, 61
Suppose 2*n - 4*z = 2526, z + 10 = 3*z. List the prime factors of n.
19, 67
Suppose 867 = 5*q - 138. Suppose h + 268 = 4*m - 3*h, 0 = -3*m - h + q. List the prime factors of m.
67
Suppose -4*v - 31 = -5*b, -11 - 15 = -4*b + 2*v. Let f = 26 + -12. Let g = f - b. What are the prime factors of g?
7
Let l = 1061 + -435. List the prime factors of l.
2, 313
What are the prime factors of (-110)/165 + -4754*1/(-3)?
2, 3, 11
Let n = 1325 - 398. What are the prime factors of n?
3, 103
Let t(r) = r**3 + 7*r**2 + 4*r - 12. Let m be t(-6). Suppose -5*s + m*s - 170 = -f, -5*f - 4*s + 850 = 0. List the prime factors of f.
2, 5, 17
Suppose b = -0*b. Let m be 9/(-6) - 230/(-4). What are the prime factors of (-1)/((-4)/m) - b?
2, 7
Suppose -1 = 8*g - 9*g, 2*o + 2*g - 984 = 0. List the prime factors of o.
491
Suppose 0 = 5*h + 4*h + 162. List the prime factors of (h/24)/(3/(-444)).
3, 37
Let g = 25 + -86. Let f = g - -169. List the prime factors of f.
2, 3
What are the prime factors of (-1353 + -3 + -6)*2/(-6)?
2, 227
Suppose 712 = 3*p + 2*p - 3*b, p = -3*b + 146. Suppose 2*r - 3*r - 31 = -f, -5*f + p = -2*r. List the prime factors of f.
3
Let g(o) = 2*o. Let j be g(4). Suppose -3*v - 3*h - 475 = -j*v, 4*h = 20. Suppose -3*a - 12 = -0, 2*b - v = 2*a. List the prime factors of b.
3, 5
Let v(b) = 2*b + 19. Let t be v(-8). Suppose t*d - 6*l = -l - 14, 0 = -2*d - 5*l + 24. List the prime factors of -3 + 41 - d - -1.
37
Let k(h) = -24*h - 9. Let y be k(-2). List the prime factors of (548/6)/(26/y).
137
Let q(g) = -g**3 - 28*g**2 - 63*g + 15. List the prime factors of q(-26).
7, 43
Suppose 0 = -41*f + 36*f + 970. What are the prime factors of f?
2, 97
Let y be 22 + -5 + (-12)/(-6). Suppose y*b - 12*b - 1673 = 0. List the prime factors of b.
239
Suppose -2*q - 71 = -h, -4*h + 109 = -3*q - 155. Let w = 66 - h. What are the prime factors of w?
3
Let d = -3037 - -5072. What are the prime factors of d?
5, 11, 37
Let j = -1175 + 765. What are the prime factors of (j/(-15))/((-2)/(-3))?
41
Suppose 0 = 32*n - 28*n - 3*o - 10060, 2*o + 7544 = 3*n. What are the prime factors of n?
2, 157
Let u be ((-10)/15)/(1/(-720)). Suppose -d = -5*d + u. Suppose 2*m - 7*m = -d. List the prime factors of m.
2, 3
Suppose 0*w - 2*w + 152 = 0. Suppose -6*h = -w - 32. List the prime factors of h.
2, 3
Let x(u) = -u**3 + 7*u**2 + 5*u - 28. What are the prime factors of x(7)?
7
Let s = 73 + -43. Let d be (1/(-3))/(5/s). List the prime factors of d/3 - 979/(-33).
29
Suppose 7*j = d + 2*j - 1000, 3*d - 4*j = 3033. What are the prime factors of d?
5, 7, 29
Let w = -1044 + 1707. List the prime factors of w.
3, 13, 17
Let x(m) = -53*m**3 - 1. Let s be x(-1). Let f = s - 22. List the prime factors of f.
2, 3, 5
Let t = 1565 - 2804. Let z be 2/(-3)*t/14. Suppose 4 = w, -5*n + 3*w + 39 + z = 0. List the prime factors of n.
2, 11
Suppose 0 = 28*j + 2219 - 12719. What are the prime factors of j?
3, 5
Let a(l) = 0*l + 2*l**2 + 2*l - 5 + 4*l. Suppose -2 - 18 = 4*c. What are the prime factors of a(c)?
3, 5
Suppose 48*n - 101*n = -72186. What are the prime factors of n?
2, 3, 227
Let y = -31 + 33. Suppose 4*a - 124 = 4*u, -y*a - 5*u + 33 + 15 = 0. What are the prime factors of a?
29
Let o = -21 - -21. Suppose 2 = -o*k - 2*k - u, 0 = 5*k - u - 2. Suppose k = -g - 2*g + 6. List the prime factors of g.
2
Suppose 4*y = 5*b + 200, 2*y + 3*b - 86 = -8. List the prime factors of y.
3, 5
Let c = 14 - 10. Suppose 6*v - v = -10. Let j = c - v. List the prime factors of j.
2, 3
Let h be 5 + -8 - (-8)/(-2). Let n = 11 + h. List the prime factors of n.
2
Suppose 9 - 77 = -2*j. Let s = -27 + j. List the prime factors of s.
7
Suppose i = 3*c + 54, 20 = 5*c - 0*c. Let q(p) = p**3 + 6*p**2 - 8*p - 3. Let h be q(-7). Suppose h*w = 54 + i. List the prime factors of w.
2, 3, 5
Let a = 17 - 5. Suppose -175 = -4*n + 5*p, 5*n + 2*p - 259 = -65. Let h = n - a. List the prime factors of h.
2, 7
Let k = -684 + 1006. What are the prime factors of k?
2, 7, 23
Let i(k) = 4 - 2*k**2 + 2*k**2 - k**2 - 8*k. Suppose 14*z + 6*z + 120 = 0. What are the prime factors of i(z)?
2
Let l = 3 + -1. Suppose 3*m = 4*u + 158, 2*u + 31 = -l*m + 155. Suppose -3*o + 5*a - a + m = 0, -a + 112 = 5*o. What are the prime factors of o?
2, 11
Suppose -5*z = -5*f - 35, -2*z + 0*f = f + 1. Let l be (z/3)/(2/18). Suppose -5*y + 50 = k - 11, 2*y = -5*k + l. List the prime factors of y.
13
Suppose 3*j - 2 = -2*m, -5*j + 3 = -2*m + 21. Suppose 0 = 2*u - z + 6, -5*u - z + 7 = 2*z. List the prime factors of (-1)/(j*u/(-24)).
2, 3
Suppose 3*s + 4*r = -44, -5*s = 3*r - 0*r + 55. Let n be ((-18)/s)/((-30)/(-80)). Suppose 3*z = -g + n, 0*g = -g - 2*z + 5. What are the prime factors of g?
3
Suppose v - 292 = 25. What are the prime factors of v?
317
Suppose 0*s = s + 3, 4*x + 3 = -5*s. Suppose 224 = -0*l + x*l - 5*i, 5*l = -2*i + 332. What are the prime factors of l?
2, 17
Suppose -3*u - 2 + 36 = w, 3*u - 2*w = 22. Let b = 13 - u. Suppose -4*l = -4*z + b*z + 7, -4 = -2*l. List the prime factors of z.
3, 5
Let z(x) = 7*x - 2. Let b be z(1). Suppose 2*t + 0*t - 228 = -b*f, t - 113 = -2*f. What are the prime factors of t?
109
Suppose 3*i + 0*i - 6 = 0. Let l be i/((-12)/(-5) + -2). Suppose 3*y - 21 - 25 = -l*r, 3*y + r = 50. List the prime factors of y.
17
Let p(f) = 14*f**2 + 2*f. Let a be p(3). Suppose 4*i - a = 12. Suppose -y + i = -0*y. What are the prime factors of y?
2, 3
Let m = -323 - -654. List the prime factors of m.
331
Suppose 4*u - 3*w = -0*w + 1495, 755 = 2*u + w. Suppose -449 = -5*n + u. Suppose q - 3*z - 37 = 0, 4*q = -3*z - 2*z + n. List the prime 